{"id":34,"date":"2015-06-20T00:25:54","date_gmt":"2015-06-19T22:25:54","guid":{"rendered":"http:\/\/marienviertel.de\/kulturkreis\/wordpress\/?page_id=34"},"modified":"2021-09-16T00:22:20","modified_gmt":"2021-09-15T22:22:20","slug":"anfahrt-und-parken","status":"publish","type":"page","link":"https:\/\/marienviertel.de\/kulturkreis\/anfahrt-und-parken\/","title":{"rendered":"Anfahrt und Parken"},"content":{"rendered":"<p><strong>Hinweis \u00fcber Anfahrt und Parkm\u00f6glichkeiten:<\/strong><\/p>\n<p>Die Benutzung erfolgt stets auf eigene Gefahr!<br \/>\nBitte beachten Sie die Belange der Anwohner!<br \/>\nLassen Sie bitte auch gen\u00fcgend Platz f\u00fcr Einsatzfahrzeuge der Feuerwehr!<\/p>\n<p>An der Marienkirche selbst stehen in beschr\u00e4nktem Ma\u00df Parkpl\u00e4tze zur Verf\u00fcgung.<br \/>\n<strong>\u2192<\/strong> Navigation: Dorsten, An der Marienkirche 11<br \/>\n<span style=\"font-size: 10pt;\">Beachten Sie bitte die neue Einbahnstra\u00dfenregelung:<br \/>\nDie Zufahrt erfolgt von der Marienstra\u00dfe aus, die Ausfahrt auf die Bismarckstra\u00dfe!<\/span><\/p>\n<p>Ferner steht der Parkplatz des Caritas-Bildungszentrums (ehem.\u00a0 Realschule) an der Bismarckstra\u00dfe (vor und neben dem Sportplatz) zur Verf\u00fcgung. Fu\u00dfweg: unter 5 Minuten<br \/>\n<strong>\u2192<\/strong> Navigation: Dorsten, Bismarckstr. 106<\/p>\n<p>Der Parkplatz Zollern entf\u00e4llt!<\/p>\n<p><a href=\"http:\/\/marienviertel.de\/kulturkreis\/wordpress\/wp-content\/uploads\/2015\/06\/Parken-neu.jpg\"><img loading=\"lazy\" decoding=\"async\" class=\"alignnone size-full wp-image-420\" src=\"http:\/\/marienviertel.de\/kulturkreis\/wordpress\/wp-content\/uploads\/2015\/06\/Parken-neu.jpg\" alt=\"Parken-neu\" width=\"280\" height=\"584\" srcset=\"https:\/\/marienviertel.de\/kulturkreis\/wordpress\/wp-content\/uploads\/2015\/06\/Parken-neu.jpg 280w, https:\/\/marienviertel.de\/kulturkreis\/wordpress\/wp-content\/uploads\/2015\/06\/Parken-neu-144x300.jpg 144w\" sizes=\"auto, (max-width: 280px) 100vw, 280px\" \/><\/a><\/p>\n<p style=\"text-align: left;\">\n","protected":false},"excerpt":{"rendered":"<p>Hinweis \u00fcber Anfahrt und Parkm\u00f6glichkeiten: Die Benutzung erfolgt stets auf eigene Gefahr! Bitte beachten Sie die Belange der Anwohner! Lassen Sie bitte auch gen\u00fcgend Platz f\u00fcr Einsatzfahrzeuge der Feuerwehr! An der Marienkirche selbst stehen in beschr\u00e4nktem Ma\u00df Parkpl\u00e4tze zur Verf\u00fcgung. \u2192 Navigation: Dorsten, An der Marienkirche 11 Beachten Sie bitte die neue Einbahnstra\u00dfenregelung: Die Zufahrt &hellip; <a href=\"https:\/\/marienviertel.de\/kulturkreis\/anfahrt-und-parken\/\" class=\"more-link\"><span class=\"screen-reader-text\">Anfahrt und Parken<\/span> weiterlesen <span class=\"meta-nav\">&rarr;<\/span><\/a><\/p>\n","protected":false},"author":1,"featured_media":0,"parent":0,"menu_order":10,"comment_status":"open","ping_status":"open","template":"","meta":{"jetpack_post_was_ever_published":false,"footnotes":""},"class_list":["post-34","page","type-page","status-publish","hentry"],"yoast_head":"<!-- This site is optimized with the Yoast SEO plugin v26.7 - https:\/\/yoast.com\/wordpress\/plugins\/seo\/ -->\n<title>Anfahrt und Parken - HOME | Kulturkreis St. Marien<\/title>\n<meta name=\"robots\" content=\"index, follow, max-snippet:-1, max-image-preview:large, max-video-preview:-1\" \/>\n<link rel=\"canonical\" href=\"https:\/\/marienviertel.de\/kulturkreis\/anfahrt-und-parken\/\" \/>\n<meta property=\"og:locale\" content=\"de_DE\" \/>\n<meta property=\"og:type\" content=\"article\" \/>\n<meta property=\"og:title\" content=\"Anfahrt und Parken - HOME | Kulturkreis St. Marien\" \/>\n<meta property=\"og:description\" content=\"Hinweis \u00fcber Anfahrt und Parkm\u00f6glichkeiten: Die Benutzung erfolgt stets auf eigene Gefahr! Bitte beachten Sie die Belange der Anwohner! Lassen Sie bitte auch gen\u00fcgend Platz f\u00fcr Einsatzfahrzeuge der Feuerwehr! An der Marienkirche selbst stehen in beschr\u00e4nktem Ma\u00df Parkpl\u00e4tze zur Verf\u00fcgung. \u2192 Navigation: Dorsten, An der Marienkirche 11 Beachten Sie bitte die neue Einbahnstra\u00dfenregelung: Die Zufahrt &hellip; Anfahrt und Parken weiterlesen &rarr;\" \/>\n<meta property=\"og:url\" content=\"https:\/\/marienviertel.de\/kulturkreis\/anfahrt-und-parken\/\" \/>\n<meta property=\"og:site_name\" content=\"HOME | Kulturkreis St. Marien\" \/>\n<meta property=\"article:publisher\" content=\"https:\/\/www.facebook.com\/Marienviertel\/\" \/>\n<meta property=\"article:modified_time\" content=\"2021-09-15T22:22:20+00:00\" \/>\n<meta property=\"og:image\" content=\"http:\/\/marienviertel.de\/kulturkreis\/wordpress\/wp-content\/uploads\/2015\/06\/Parken-neu.jpg\" \/>\n<meta name=\"twitter:card\" content=\"summary_large_image\" \/>\n<meta name=\"twitter:label1\" content=\"Gesch\u00e4tzte Lesezeit\" \/>\n\t<meta name=\"twitter:data1\" content=\"1\u00a0Minute\" \/>\n<script type=\"application\/ld+json\" class=\"yoast-schema-graph\">{\"@context\":\"https:\/\/schema.org\",\"@graph\":[{\"@type\":\"WebPage\",\"@id\":\"https:\/\/marienviertel.de\/kulturkreis\/anfahrt-und-parken\/\",\"url\":\"https:\/\/marienviertel.de\/kulturkreis\/anfahrt-und-parken\/\",\"name\":\"Anfahrt und Parken - HOME | Kulturkreis St. Marien\",\"isPartOf\":{\"@id\":\"https:\/\/marienviertel.de\/kulturkreis\/#website\"},\"primaryImageOfPage\":{\"@id\":\"https:\/\/marienviertel.de\/kulturkreis\/anfahrt-und-parken\/#primaryimage\"},\"image\":{\"@id\":\"https:\/\/marienviertel.de\/kulturkreis\/anfahrt-und-parken\/#primaryimage\"},\"thumbnailUrl\":\"http:\/\/marienviertel.de\/kulturkreis\/wordpress\/wp-content\/uploads\/2015\/06\/Parken-neu.jpg\",\"datePublished\":\"2015-06-19T22:25:54+00:00\",\"dateModified\":\"2021-09-15T22:22:20+00:00\",\"breadcrumb\":{\"@id\":\"https:\/\/marienviertel.de\/kulturkreis\/anfahrt-und-parken\/#breadcrumb\"},\"inLanguage\":\"de\",\"potentialAction\":[{\"@type\":\"ReadAction\",\"target\":[\"https:\/\/marienviertel.de\/kulturkreis\/anfahrt-und-parken\/\"]}]},{\"@type\":\"ImageObject\",\"inLanguage\":\"de\",\"@id\":\"https:\/\/marienviertel.de\/kulturkreis\/anfahrt-und-parken\/#primaryimage\",\"url\":\"http:\/\/marienviertel.de\/kulturkreis\/wordpress\/wp-content\/uploads\/2015\/06\/Parken-neu.jpg\",\"contentUrl\":\"http:\/\/marienviertel.de\/kulturkreis\/wordpress\/wp-content\/uploads\/2015\/06\/Parken-neu.jpg\"},{\"@type\":\"BreadcrumbList\",\"@id\":\"https:\/\/marienviertel.de\/kulturkreis\/anfahrt-und-parken\/#breadcrumb\",\"itemListElement\":[{\"@type\":\"ListItem\",\"position\":1,\"name\":\"Startseite\",\"item\":\"https:\/\/marienviertel.de\/kulturkreis\/\"},{\"@type\":\"ListItem\",\"position\":2,\"name\":\"Anfahrt und Parken\"}]},{\"@type\":\"WebSite\",\"@id\":\"https:\/\/marienviertel.de\/kulturkreis\/#website\",\"url\":\"https:\/\/marienviertel.de\/kulturkreis\/\",\"name\":\"HOME | Kulturkreis St. Marien\",\"description\":\"Herzlich willkommen!\",\"publisher\":{\"@id\":\"https:\/\/marienviertel.de\/kulturkreis\/#organization\"},\"potentialAction\":[{\"@type\":\"SearchAction\",\"target\":{\"@type\":\"EntryPoint\",\"urlTemplate\":\"https:\/\/marienviertel.de\/kulturkreis\/?s={search_term_string}\"},\"query-input\":{\"@type\":\"PropertyValueSpecification\",\"valueRequired\":true,\"valueName\":\"search_term_string\"}}],\"inLanguage\":\"de\"},{\"@type\":\"Organization\",\"@id\":\"https:\/\/marienviertel.de\/kulturkreis\/#organization\",\"name\":\"Kulturkreis St. Marien\",\"url\":\"https:\/\/marienviertel.de\/kulturkreis\/\",\"logo\":{\"@type\":\"ImageObject\",\"inLanguage\":\"de\",\"@id\":\"https:\/\/marienviertel.de\/kulturkreis\/#\/schema\/logo\/image\/\",\"url\":\"https:\/\/marienviertel.de\/kulturkreis\/wordpress\/wp-content\/uploads\/2015\/06\/Facebook-Logo-KK-2014.jpg\",\"contentUrl\":\"https:\/\/marienviertel.de\/kulturkreis\/wordpress\/wp-content\/uploads\/2015\/06\/Facebook-Logo-KK-2014.jpg\",\"width\":1045,\"height\":540,\"caption\":\"Kulturkreis St. Marien\"},\"image\":{\"@id\":\"https:\/\/marienviertel.de\/kulturkreis\/#\/schema\/logo\/image\/\"},\"sameAs\":[\"https:\/\/www.facebook.com\/Marienviertel\/\"]}]}<\/script>\n<!-- \/ Yoast SEO plugin. -->","yoast_head_json":{"title":"Anfahrt und Parken - HOME | Kulturkreis St. Marien","robots":{"index":"index","follow":"follow","max-snippet":"max-snippet:-1","max-image-preview":"max-image-preview:large","max-video-preview":"max-video-preview:-1"},"canonical":"https:\/\/marienviertel.de\/kulturkreis\/anfahrt-und-parken\/","og_locale":"de_DE","og_type":"article","og_title":"Anfahrt und Parken - HOME | Kulturkreis St. Marien","og_description":"Hinweis \u00fcber Anfahrt und Parkm\u00f6glichkeiten: Die Benutzung erfolgt stets auf eigene Gefahr! Bitte beachten Sie die Belange der Anwohner! Lassen Sie bitte auch gen\u00fcgend Platz f\u00fcr Einsatzfahrzeuge der Feuerwehr! An der Marienkirche selbst stehen in beschr\u00e4nktem Ma\u00df Parkpl\u00e4tze zur Verf\u00fcgung. \u2192 Navigation: Dorsten, An der Marienkirche 11 Beachten Sie bitte die neue Einbahnstra\u00dfenregelung: Die Zufahrt &hellip; Anfahrt und Parken weiterlesen &rarr;","og_url":"https:\/\/marienviertel.de\/kulturkreis\/anfahrt-und-parken\/","og_site_name":"HOME | Kulturkreis St. Marien","article_publisher":"https:\/\/www.facebook.com\/Marienviertel\/","article_modified_time":"2021-09-15T22:22:20+00:00","og_image":[{"url":"http:\/\/marienviertel.de\/kulturkreis\/wordpress\/wp-content\/uploads\/2015\/06\/Parken-neu.jpg","type":"","width":"","height":""}],"twitter_card":"summary_large_image","twitter_misc":{"Gesch\u00e4tzte Lesezeit":"1\u00a0Minute"},"schema":{"@context":"https:\/\/schema.org","@graph":[{"@type":"WebPage","@id":"https:\/\/marienviertel.de\/kulturkreis\/anfahrt-und-parken\/","url":"https:\/\/marienviertel.de\/kulturkreis\/anfahrt-und-parken\/","name":"Anfahrt und Parken - HOME | Kulturkreis St. Marien","isPartOf":{"@id":"https:\/\/marienviertel.de\/kulturkreis\/#website"},"primaryImageOfPage":{"@id":"https:\/\/marienviertel.de\/kulturkreis\/anfahrt-und-parken\/#primaryimage"},"image":{"@id":"https:\/\/marienviertel.de\/kulturkreis\/anfahrt-und-parken\/#primaryimage"},"thumbnailUrl":"http:\/\/marienviertel.de\/kulturkreis\/wordpress\/wp-content\/uploads\/2015\/06\/Parken-neu.jpg","datePublished":"2015-06-19T22:25:54+00:00","dateModified":"2021-09-15T22:22:20+00:00","breadcrumb":{"@id":"https:\/\/marienviertel.de\/kulturkreis\/anfahrt-und-parken\/#breadcrumb"},"inLanguage":"de","potentialAction":[{"@type":"ReadAction","target":["https:\/\/marienviertel.de\/kulturkreis\/anfahrt-und-parken\/"]}]},{"@type":"ImageObject","inLanguage":"de","@id":"https:\/\/marienviertel.de\/kulturkreis\/anfahrt-und-parken\/#primaryimage","url":"http:\/\/marienviertel.de\/kulturkreis\/wordpress\/wp-content\/uploads\/2015\/06\/Parken-neu.jpg","contentUrl":"http:\/\/marienviertel.de\/kulturkreis\/wordpress\/wp-content\/uploads\/2015\/06\/Parken-neu.jpg"},{"@type":"BreadcrumbList","@id":"https:\/\/marienviertel.de\/kulturkreis\/anfahrt-und-parken\/#breadcrumb","itemListElement":[{"@type":"ListItem","position":1,"name":"Startseite","item":"https:\/\/marienviertel.de\/kulturkreis\/"},{"@type":"ListItem","position":2,"name":"Anfahrt und Parken"}]},{"@type":"WebSite","@id":"https:\/\/marienviertel.de\/kulturkreis\/#website","url":"https:\/\/marienviertel.de\/kulturkreis\/","name":"HOME | Kulturkreis St. Marien","description":"Herzlich willkommen!","publisher":{"@id":"https:\/\/marienviertel.de\/kulturkreis\/#organization"},"potentialAction":[{"@type":"SearchAction","target":{"@type":"EntryPoint","urlTemplate":"https:\/\/marienviertel.de\/kulturkreis\/?s={search_term_string}"},"query-input":{"@type":"PropertyValueSpecification","valueRequired":true,"valueName":"search_term_string"}}],"inLanguage":"de"},{"@type":"Organization","@id":"https:\/\/marienviertel.de\/kulturkreis\/#organization","name":"Kulturkreis St. Marien","url":"https:\/\/marienviertel.de\/kulturkreis\/","logo":{"@type":"ImageObject","inLanguage":"de","@id":"https:\/\/marienviertel.de\/kulturkreis\/#\/schema\/logo\/image\/","url":"https:\/\/marienviertel.de\/kulturkreis\/wordpress\/wp-content\/uploads\/2015\/06\/Facebook-Logo-KK-2014.jpg","contentUrl":"https:\/\/marienviertel.de\/kulturkreis\/wordpress\/wp-content\/uploads\/2015\/06\/Facebook-Logo-KK-2014.jpg","width":1045,"height":540,"caption":"Kulturkreis St. Marien"},"image":{"@id":"https:\/\/marienviertel.de\/kulturkreis\/#\/schema\/logo\/image\/"},"sameAs":["https:\/\/www.facebook.com\/Marienviertel\/"]}]}},"jetpack_sharing_enabled":true,"jetpack_shortlink":"https:\/\/wp.me\/P7zbXy-y","_links":{"self":[{"href":"https:\/\/marienviertel.de\/kulturkreis\/wp-json\/wp\/v2\/pages\/34","targetHints":{"allow":["GET"]}}],"collection":[{"href":"https:\/\/marienviertel.de\/kulturkreis\/wp-json\/wp\/v2\/pages"}],"about":[{"href":"https:\/\/marienviertel.de\/kulturkreis\/wp-json\/wp\/v2\/types\/page"}],"author":[{"embeddable":true,"href":"https:\/\/marienviertel.de\/kulturkreis\/wp-json\/wp\/v2\/users\/1"}],"replies":[{"embeddable":true,"href":"https:\/\/marienviertel.de\/kulturkreis\/wp-json\/wp\/v2\/comments?post=34"}],"version-history":[{"count":10,"href":"https:\/\/marienviertel.de\/kulturkreis\/wp-json\/wp\/v2\/pages\/34\/revisions"}],"predecessor-version":[{"id":1958,"href":"https:\/\/marienviertel.de\/kulturkreis\/wp-json\/wp\/v2\/pages\/34\/revisions\/1958"}],"wp:attachment":[{"href":"https:\/\/marienviertel.de\/kulturkreis\/wp-json\/wp\/v2\/media?parent=34"}],"curies":[{"name":"wp","href":"https:\/\/api.w.org\/{rel}","templated":true}]}}